he greatest common divisor of 14 and m?
14
Suppose 3*l - 5 = 2*l. Let n(t) = -t**2 + 30*t + 47. Let c be n(-15). Let m = 643 + c. What is the highest common divisor of l and m?
5
Let z = -236 - -222. Let d(q) = -19*q + 6. Let x be d(z). What is the greatest common divisor of 17 and x?
17
Let o(c) = 4*c**2 - 162*c + 2343. Let f be o(17). What is the highest common factor of f and 20?
5
Let p be (-245)/(-3) + 8/(-12). Let o be (-118)/(-6) - (41/(123/30))/6. Calculate the greatest common divisor of o and p.
9
Suppose 9*g - 6*g - 441 = q, -5*q = -g + 147. Calculate the greatest common factor of g and 2450.
49
Suppose -4*d - 49*t = -51*t - 12, t = 5*d - 21. Suppose 13 = -o + i + 31, d*o + 3*i - 50 = 0. What is the highest common factor of 221 and o?
13
Suppose -203 = -3*j + 5*v, -2*j = 108*v - 103*v - 127. Let n be (-1 - -4 - 5) + 8. What is the highest common factor of j and n?
6
Suppose -92*p + 16525 = 4246 - 3729. What is the greatest common factor of p and 66?
6
Suppose 94*q - 86*q + 488 = 4*t, 4*t = 3*q + 438. Let v = 181 + 159. Calculate the highest common factor of t and v.
34
Let n(h) = -h**3 + 4*h**2 + h - 3. Let a be n(3). Let p be 30/a*(1 - -2). What is the greatest common factor of 10 and p?
10
Suppose 563 = -7*r + 178. Let a = 76 + r. Suppose 8*l + a = 9*l. What is the highest common factor of l and 189?
21
Let u(y) = -y + 11. Let s be u(8). Let z(t) = t + 28. Let x be z(-10). Let w be (27/x)/(2/16) + -3. Calculate the highest common factor of w and s.
3
Let h = 91 - 111. Let s be (-35)/h*10 - (-1)/(-2). Suppose 0 = 14*o - s*o + 147. What is the greatest common factor of 7 and o?
7
Suppose -16 = -c - i, 0*c - 50 = -3*c - 5*i. Let j(f) = -90*f + 635. Let q be j(7). What is the highest common factor of c and q?
5
Let l(j) = 15*j**2 + 73*j + 456. Let k be l(-8). Let o = 56 + -30. What is the greatest common factor of o and k?
26
Suppose 17*g = 21*g - 1120. Suppose 0 = -268*y + 274*y - 420. Calculate the highest common divisor of y and g.
70
Let q(x) = -x**3 - 12*x**2 - 16*x - 5. Let a be q(-11). Let c = 59 - a. Let r be c/(36/(-8))*5/(-1). Calculate the highest common factor of r and 90.
10
Let u = -331 + 376. Let y be (-10)/4*(-468)/u. What is the highest common divisor of y and 91?
13
Suppose 246*d = 122*d + 125*d - 19318. Calculate the highest common divisor of d and 52.
26
Suppose 93 = 3*t + 21. Let i be (-30)/(-50) - t/(-10). Suppose -x = i*x - 4. Calculate the highest common factor of 1 and x.
1
Let z be 601 - -1*(-7 + 6). Calculate the highest common divisor of z and 24.
24
Let l(v) = -v**3 + 3*v**2 + 5*v + 2. Let b be l(5). Let s = 23 + b. Suppose s = -3*x - x + 72. Calculate the highest common divisor of 198 and x.
18
Let k = -515 + 1205. Let r = 752 - k. What is the greatest common factor of 93 and r?
31
Let o = -34693 + 34715. What is the greatest common divisor of o and 2343?
11
Let w = -1 + 4. Let h = -1551 - -1555. Suppose -h*c + 2*j = -14 - 52, -3 = w*j. What is the greatest common divisor of c and 64?
16
Let s(g) = g**2 + 13*g - 440. Let n be s(0). Let f = n - -456. Calculate the greatest common factor of f and 208.
16
Suppose -10*s + 620 = -230. Suppose h - s + 1 = 0. What is the greatest common factor of 210 and h?
42
Let w be ((-56)/(-10))/(83/31955). What is the highest common factor of w and 44?
44
Suppose 57 = -356*l + 357*l - 5*b, l - b - 61 = 0. What is the greatest common divisor of 17701 and l?
31
Let k be (43/(-3))/(4/(-360)*5). What is the highest common factor of 24 and k?
6
Let c(y) = 5*y**2 + y**3 - 34*y + 12*y**2 - 2*y**2 - y**2 + 29. Let b be c(-16). Calculate the greatest common factor of 305 and b.
61
Suppose -12*q = -11*q + 13*q - 1134. Calculate the greatest common factor of 675 and q.
27
Let y be (-170)/4*(30 + -32). Calculate the greatest common divisor of 10 and y.
5
Suppose -97*z = -5*h - 99*z + 36, 2*h + 3*z = -1. What is the highest common factor of 16730 and h?
10
Let g be 13/((-26)/22) + 2708. What is the greatest common divisor of g and 62?
31
Suppose 125*c - 43*c - 1472 = 578. Calculate the highest common factor of 245 and c.
5
Let a be 1/(6/(-2032)) - 48/36. Let b = 382 + a. Let k(u) = 15*u**2 - u + 1. Let d be k(-2). What is the highest common divisor of d and b?
21
Let a(k) = 7*k**2 - k - 15. Let b be a(6). Suppose g + 4*g - 3*m = b, -47 = -g + m. What is the highest common factor of 480 and g?
15
Let x(o) = -170*o - 525. Let i be x(-6). Calculate the highest common factor of 720 and i.
45
Let n(v) = -10*v - 13. Let q be n(-3). Suppose 0 = 2*f - 2*p - 310, -14*p = -3*f - 13*p + 461. What is the highest common factor of q and f?
17
Suppose -156*c + 39303 = -145*c. What is the highest common divisor of 27 and c?
9
Let d(n) be the second derivative of n**4/12 + 23*n**3/3 - 137*n**2/2 - 128*n. Let w be d(3). Calculate the highest common divisor of 710 and w.
10
Let j(t) = 127*t**3 + t**2 + 12*t - 13*t - 1 + 14*t**3. Let g be j(-1). Let r be 15/(-9) + g/(-3). What is the highest common divisor of r and 9?
9
Let o(i) = i**2 - 24*i + 7. Let h be o(31). Let j = -120 + h. Suppose -44 = -4*p + 4*a, -p - 5*a + 23 = -0*p. Calculate the greatest common divisor of p and j.
13
Let d(r) = -41*r + 475. Let z be d(11). What is the greatest common factor of z and 40?
8
Suppose 950 = 397*m - 359*m. What is the greatest common factor of 1385 and m?
5
Let m be (556 - (7 - 6)) + (8 - (-3)/(-1)). Calculate the greatest common divisor of 868 and m.
28
Let n(w) = 2*w - 19. Suppose -2*o = -23 - 1. Let r be n(o). Suppose -5 = 2*i + r*k, i - 2*k - 1 = 2*i. What is the greatest common divisor of 35 and i?
5
Suppose -179 = 4*x - 835. Let f = 4 + -1. Suppose 35 = f*c - 88. Calculate the highest common divisor of c and x.
41
Let a(v) = v**3 + 23*v**2 - 52*v - 46. Let r be a(-25). Suppose -2*s = -3*h - 60, 30*s - 40 = 29*s + r*h. What is the highest common factor of s and 204?
12
Suppose 0 = -o, b + 0*b = -5*o + 29 - 14. Calculate the greatest common factor of 12 and b.
3
Let n be 2*12/(-32)*((-86)/6 + 5). Calculate the greatest common factor of 4634 and n.
7
Let q(y) = y**2 - 30*y + 195. Let m be q(23). What is the greatest common factor of m and 1139?
17
Suppose 16 = 3*m - 59. Let q = m - 23. Suppose -d + 10 = q*s, s + 10 = 3*d - 3*s. What is the greatest common factor of d and 66?
6
Suppose 61*q = 312*q + 117*q - 13188 - 60. Let c(f) = -5*f + 3. Let n be c(-5). What is the greatest common factor of q and n?
4
Let w be (-22)/(-363) + 26894/561. What is the greatest common divisor of 3216 and w?
48
Suppose -5 = -u, 5*v - 130*u + 129*u = 520. Calculate the greatest common factor of v and 13755.
105
Let a(d) = d**3 - 8*d**2 - 23*d + 5. Let l be a(12). Let u = 548 - 365. Calculate the greatest common divisor of u and l.
61
Let i(b) = -6 - 1 + 3 + b**2 + b. Let x be i(3). Let d(o) = 12*o**2 - 275*o + 57. Let v be d(23). What is the highest common factor of x and v?
8
Let r be (164/12)/((-3)/15)*-3. Suppose 4*k + r = 5*z - 0*k, 2*z = 5*k + 65. Calculate the highest common divisor of 63 and z.
9
Let k be 12/(-8)*2296/(-12). Suppose 30 = 2*a - 5*x + 41, -x + 40 = 5*a. Calculate the greatest common divisor of a and k.
7
Suppose 2*x = 4*h + 1470, 27*h = -4*x + 24*h + 2973. What is the greatest common divisor of x and 312?
39
Let b be 11 - (4 - 5 - -4). Suppose b*d - 232 = 216. Suppose -3*v + 32 = v. What is the highest common factor of d and v?
8
Let y be 15/(-75) + 151/5. Suppose y*h - 739 = 101. What is the highest common factor of h and 21?
7
Suppose 0 = 29*q + 94*q - 5904. Calculate the highest common factor of 48 and q.
48
Suppose -4*r = 4*t - 2724, 433*t - 3381 = 428*t - r. Calculate the highest common divisor of 1440 and t.
45
Let o(p) = -p**3 - p**2 - p + 2. Let f be o(-2). Let y(z) = -2*z + 7. Let w be y(-5). Let t = w + -9. What is the highest common divisor of t and f?
8
Let c be (922176/768)/(7/(-4) - -2). Calculate the greatest common divisor of 3 and c.
3
Suppose -14*g = -9*g - 90. Let m = g - 48. Let o = -26 - m. What is the greatest common factor of 12 and o?
4
Let z be (-176)/66*(0 - (-30)/(-8)). Let w = 14 + z. Suppose -w = -7*f + 4*f. What is the greatest common factor of 4 and f?
4
Let q(m) = -m**3 - 18*m**2 + 13*m - 37. Suppose -2*w + 4 = 0, 0 = 4*o - 2*w - 11 + 91. Let d be q(o). What is the greatest com